at is v(d)?
-1
Let q = -7 + 9. Let a(c) be the second derivative of -c**4/12 + c**3/2 - 2*c. What is a(q)?
2
Let f = 25 - 24. Let o(r) = 10*r - 1. Determine o(f).
9
Let b(i) = 2*i + 4. Let c be (14/(-8))/(6/(-24)). Let q(u) = -u**3 + 7*u**2 - 2*u + 10. Let z be q(c). Calculate b(z).
-4
Let g(q) be the third derivative of q**4/24 + q**3/6 - 5*q**2. Let d = 18 - 6. Suppose 5*j - d = j. Calculate g(j).
4
Let m(x) = -x**2 + x. Let o(k) = 2*k**2. Let h be o(-1). Determine m(h).
-2
Let i be (2 - 4 - -1)*0. Let t be 1*-5 + 2 + i. Let n(g) = -7*g - 14. Let y(l) = -10*l - 21. Let k(u) = 7*n(u) - 5*y(u). Calculate k(t).
4
Let d(t) be the third derivative of 0*t - t**2 + 1/6*t**3 + 0 + 1/6*t**4. Give d(-1).
-3
Let h(r) = r**2 + 5*r. Suppose 0 = -4*k + b - 4 - 1, -4*b = -2*k - 6. Suppose v + 5 = 1. Let u = k + v. What is h(u)?
0
Let x(b) = -b**2 - 2*b. Suppose 3*o - 3 = 6. Suppose -5*d + 29 = -t, -2*t - o = 2*d - 5. Suppose d*g - 2*g + 9 = 0. What is x(g)?
-3
Let t be 14/18 - 6/(-27). Let b(k) = 6*k - 1. What is b(t)?
5
Let r(l) = 26*l - 7. Let y(x) = 13*x - 4. Let m(c) = 3*r(c) - 5*y(c). Give m(1).
12
Let n(v) = -2*v**2 - 3*v - 3. Let d = 12 + 7. Suppose d = -5*m - 3*g, -2*m - g = -3*m + 1. Let o = -4 - m. Determine n(o).
-5
Let w(v) = -v - 1. Suppose 3*s + 3 = 4*s, -s = 2*i - 7. Calculate w(i).
-3
Let o(w) = 4*w**3 - w**2 + 1. Let q(y) = y**2 - 5*y - 5. Let n be q(6). Suppose -3*j = -4*j + n. Calculate o(j).
4
Suppose -4*z = 2*o - 2, -4*z + 2*z = -o - 3. Let r(h) = 7*h**2 - h + 10 + 0*h - 10. Calculate r(z).
6
Let p be 1*6*(-3)/(-6). Suppose 6*b - p*b = 3*a, -3*a + 5*b = -2. Let w(c) = -2*c**3 + c**2 + 2*c + 1. What is w(a)?
2
Let j(p) = -1. Let x(f) = -f + 3. Let l(y) = -2*j(y) - x(y). What is l(6)?
5
Let r(h) = 5*h - 4. Let b(n) = -11*n + 9. Let j(x) = 6*b(x) + 13*r(x). Calculate j(-2).
4
Suppose 3*o - 12 = -3*g, 2*o + 0*g + 1 = -5*g. Let j(f) = f**3 - 8*f**2 + 5*f + 8. Give j(o).
-6
Let a(i) be the first derivative of -i**3/3 - 5*i**2/2 - 3*i - 5. Calculate a(-5).
-3
Let p(f) = f**2 + f - 2. Let z(g) be the third derivative of g**4/24 - g**3/2 + g**2. Let l be z(5). Let r(t) = -t**2 + 2*t - 2. Let i be r(l). Calculate p(i).
0
Let o(a) = -a**3 + 2*a**2 + a - 1. Suppose 0 - 6 = -2*h + 3*m, -3*h + 9 = -5*m. Give o(h).
-7
Let a(m) = m**2 - 6 + 5 + m + 2. Let b = 1 - 3. Give a(b).
3
Let m(u) = -7*u. Let v = 12 + -6. Let z be (-28)/v + 2/3. Let c(g) = -g. Let i(b) = z*c(b) - m(b). What is i(1)?
11
Let q(a) = 3*a**2 - 2*a**2 - 2 + 0*a**2. Suppose -4*d - 2*p + p = -25, 0 = -2*d + 3*p + 9. Suppose d = 5*h - 4. Give q(h).
2
Let f(a) = 5 + 31*a - 89*a + 33*a + 28*a. Calculate f(-6).
-13
Let n = 311/2460 + -9/82. Let c(w) be the third derivative of -3*w**2 + n*w**5 + 0 + 1/6*w**3 - 1/4*w**4 + 0*w. Calculate c(4).
-7
Suppose 5*f - 8 = 2. Suppose -11 + f = -r. Suppose 3*d - 6*d + r = 0. Let g(s) = -s**2 + 3*s + 3. Calculate g(d).
3
Let j = 4 - 7. Let z = -1 - j. Let p(a) = 7*a + 4. Let b(t) = -8*t - 5. Let y(n) = -4*b(n) - 5*p(n). What is y(z)?
-6
Let j(t) be the third derivative of t**4/24 + t**3/6 + 7*t**2. Suppose -w + 0*w + 4*f + 13 = 0, 3*f = 5*w - 14. Determine j(w).
2
Let c be (2 + (-1)/(-2))*-2. Let h be 2/(1 - -1) + c. Let n(g) be the second derivative of g**3/2 + 2*g**2 + g. Determine n(h).
-8
Let n(i) = -i**2 - 2*i - 1. Let b(u) = -2*u**2 - 4*u - 2. Let h(d) = -3*b(d) + 7*n(d). Let f(m) be the first derivative of h(m). Calculate f(-4).
6
Suppose 15 + 1 = 4*x. Suppose -2*j = -3*j + x. Let a(l) = 2*l - 5. What is a(j)?
3
Let d(x) = -x**3 - 8*x**2 - 2*x - 18. Let m be d(-8). Let z(i) = i**3 + 4*i**2 + 3*i + 1. Determine z(m).
3
Let s(c) be the first derivative of c**4/4 + c**3 - 5*c**2/2 - 4*c - 9. Determine s(-3).
11
Let t(n) = 3*n - 6. Suppose -5*b + 2*d + 22 = 3, 2*b + d - 13 = 0. What is t(b)?
9
Let w(d) = -4 - 8 - 8*d + 3*d + 6*d. Let r be w(9). Let a(o) = -3*o + 1. What is a(r)?
10
Let f(l) = -l + 7. Let w be f(8). Let q(m) = -m**2 + 2*m. Let o(i) = i**2 - i. Suppose -2*t - 14 = -6. Let x(a) = t*o(a) - 3*q(a). Give x(w).
1
Let w(b) = -17*b + 8. Let j(r) = 4*r - 2. Let x(u) = 26*j(u) + 6*w(u). What is x(4)?
4
Suppose 0 = 3*f - 5 + 2. Let u(g) = 0 + 2 - 5*g**2 - f - 3*g**3 + 2*g**3. Let l = 12 - 17. Calculate u(l).
1
Let i be (-2 - -6)*4/(-4). Let v(a) = 3 + 0*a**2 + 6*a + 5*a**2 - 4*a**2. Determine v(i).
-5
Let p be (6 - 6/2) + 2. Let n(s) = 4 - 5*s - 1 - p. Determine n(-2).
8
Let w(c) = c**3 + 2*c**2 - 2. Let u(x) = 4*x**3 + 7*x**2 - x - 7. Let y(f) = 2*u(f) - 7*w(f). Determine y(2).
4
Let u(z) be the second derivative of 1/2*z**3 + 3*z**2 + 0 - 3*z. What is u(-6)?
-12
Let p be 16/6 - 4/6. Let n be -3*1*(p + -3). Let r(a) be the second derivative of -a**5/20 + a**4/6 + a**3/2 - 2*a**2 + 2*a. Determine r(n).
-4
Suppose 0*t = 2*t - 8. Let z(p) = 7*p**3 - 9*p**2. Let c(i) = 13*i**3 - 17*i**2 - i + 1. Let n(o) = -6*c(o) + 11*z(o). Give n(t).
2
Let f(g) be the second derivative of g**3 - 3*g**2/2 - 3*g. Calculate f(3).
15
Let n(b) = -6*b - 1. Let h be (-8)/(-10)*(-140)/56. Calculate n(h).
11
Let t(k) = -2*k**2 + 3*k - 3*k. Let j be t(1). Let y be -1*0*1/j. Let f(n) = n - 8. Give f(y).
-8
Let t(s) = 5*s**2 - 6*s + 7. Let q(a) = 0*a + 5*a - 7 + 1 - 2*a**2 - 2*a**2. Let m = -1 - 2. Let k(r) = m*t(r) - 4*q(r). Give k(3).
6
Let k(y) = -y**2 - 6*y + 4. Suppose 5*h = -2*x + 281, -h - x - 3*x = -49. Let c = -41 + h. Suppose 5*m + 14 = -c. Determine k(m).
4
Let t = 19 - 19. Let n(y) = -y - 14. What is n(t)?
-14
Let c(i) be the first derivative of 2*i**2 + 1 - 3*i - 5/3*i**3 + 1/4*i**4. Suppose 0*o + 5*x - 4 = 2*o, -4*o - 4*x + 20 = 0. Determine c(o).
-9
Suppose 0 = -6*p + 3*p + 6. Suppose 6*v - 5*v - 2 = 0. Let q(u) = -4 + p + 0 - 1 - 4*u + u**v. Calculate q(4).
-3
Let x(l) be the first derivative of -4 - l + 0*l**2 - 1/3*l**3. Suppose -4*z + 1 = -7. Calculate x(z).
-5
Let h(b) = -2*b + 2. Suppose -6*k + 3 = -9. Calculate h(k).
-2
Let a = -23 + 25. Suppose 11 = 3*r + a. Let z(v) = -v**2 + 3*v. What is z(r)?
0
Let z(c) be the first derivative of c**2/2 - 9*c + 1. Let w(x) = -x + 8. Let m(q) = -7*w(q) - 6*z(q). Determine m(4).
2
Let l(i) = -3*i + i**2 - 3*i**2 + i**2 + 4*i. Give l(-1).
-2
Let y(h) = h**3 + 2*h**2 - 3*h - 1. Suppose -18*j = -14*j + 12. Calculate y(j).
-1
Let p(m) = m**3 + 4*m**2 + 3*m + 1. Let r(w) = -2*w**3 - 10*w**2 - 3. Let u be r(-5). Determine p(u).
1
Let t be (-40)/(-6) - 19/(-57). Let b(r) = -r**2 + 8*r - 6. Give b(t).
1
Let c(f) = -f**3 + 5*f**2 + 6*f + 4. Let p be c(6). Let n(w) be the second derivative of -4*w - 1/3*w**p + 0 + 3/2*w**2 + w**3 - 1/20*w**5. What is n(-5)?
-2
Suppose -2*s + 4*s = 6. Let y(z) be the third derivative of -z**5/60 - z**4/12 + z**3/2 + 2*z**2. What is y(s)?
-12
Let y(a) = -2*a + a + 14*a**2 + 4 - 15*a**2. Suppose -4*l = -0*l + 12. Calculate y(l).
-2
Let w(c) be the second derivative of -c**3/6 - c**2/2 + 5*c. Give w(-7).
6
Suppose 0 = 3*d - d - 4. Let x(j) be the third derivative of 0*j + 1/6*j**4 + 0 + 0*j**3 - 4*j**2. Give x(d).
8
Let j(q) be the third derivative of -q**6/720 + 7*q**5/120 + 5*q**4/24 + 2*q**2. Let k(z) be the second derivative of j(z). Give k(0).
7
Let d(j) = -j + 23. Let h be d(23). Let u(l) = l**2 + l - 5. What is u(h)?
-5
Suppose -3 = -3*x + 2*x. Let g(p) = -5 + 5*p**3 + 0*p**3 + 5*p**2 - x*p**3 - 3*p**3. Give g(5).
-5
Let j(m) = m - 2. Suppose -3*x = -x + 10. Let r = x + 5. What is j(r)?
-2
Let a(b) = b - 20. Let m be a(13). Let s(l) = l**3 + 7*l**2 + l - 3. Calculate s(m).
-10
Let a = 5 - 4. Let z = 4 - a. Let w(v) = 2*v - v**2 + 0*v**2 - 3 + 2*v. Calculate w(z).
0
Let o(f) = 2*f**3 - 2*f**2 + 4*f - 3. Let s be o(2). Suppose 5*r - 38 = -s. Let w(t) be the first derivative of t**4/4 - 4*t**3/3 - 2*t**2 + 1. Give w(r).
5
Let a(s) be the second derivative of s**3/2 - s**2 - s. Let o be a(2). Suppose -o = -2*n + n. Let t(z) = 2*z - 4. What is t(n)?
4
Let y(n) be the second derivative of n**5/2 - n**4/6 + n**2/2 + 8*n. What is y(1)?
9
Suppose r = -r + 10. Let k = 8 + -5. Suppose -4*n - r*j = 10, 5*n - 2*n + k*j = -6. Let c(i) = i**2 + i + 10. What is c(n)?
10
Let p(l) = -l**2 - 5*l - 3. Let c be (-4 + 7 - 4) + -4. Determine p(c).
-3
Suppose -8 = -0*c + 4*c. Suppose 3*j + 5 = 3*h - 10, -4*j = 12. Let m(v) = -2*v + v**3 + 2*v - 1 + v**h. What is m(c)?
-5
Let q(a) be the first derivative of a**